{"id":280,"date":"2018-03-02T20:37:45","date_gmt":"2018-03-02T18:37:45","guid":{"rendered":"http:\/\/www.primaremontit.fi\/?page_id=280"},"modified":"2018-03-02T21:48:31","modified_gmt":"2018-03-02T19:48:31","slug":"korjausrakennus-2","status":"publish","type":"page","link":"https:\/\/www.primaremontit.fi\/?page_id=280","title":{"rendered":"Korjausrakennus"},"content":{"rendered":"<h2><img data-attachment-id=\"333\" data-permalink=\"https:\/\/www.primaremontit.fi\/?attachment_id=333\" data-orig-file=\"https:\/\/i0.wp.com\/www.primaremontit.fi\/wp-content\/uploads\/2018\/03\/piirustus.jpg?fit=840%2C560&amp;ssl=1\" data-orig-size=\"840,560\" data-comments-opened=\"0\" data-image-meta=\"{&quot;aperture&quot;:&quot;0&quot;,&quot;credit&quot;:&quot;&quot;,&quot;camera&quot;:&quot;&quot;,&quot;caption&quot;:&quot;&quot;,&quot;created_timestamp&quot;:&quot;0&quot;,&quot;copyright&quot;:&quot;&quot;,&quot;focal_length&quot;:&quot;0&quot;,&quot;iso&quot;:&quot;0&quot;,&quot;shutter_speed&quot;:&quot;0&quot;,&quot;title&quot;:&quot;&quot;,&quot;orientation&quot;:&quot;0&quot;}\" data-image-title=\"piirustus\" data-image-description=\"\" data-image-caption=\"\" data-medium-file=\"https:\/\/i0.wp.com\/www.primaremontit.fi\/wp-content\/uploads\/2018\/03\/piirustus.jpg?fit=300%2C200&amp;ssl=1\" data-large-file=\"https:\/\/i0.wp.com\/www.primaremontit.fi\/wp-content\/uploads\/2018\/03\/piirustus.jpg?fit=600%2C400&amp;ssl=1\" decoding=\"async\" loading=\"lazy\" class=\"alignnone size-full wp-image-333\" src=\"https:\/\/i0.wp.com\/www.primaremontit.fi\/wp-content\/uploads\/2018\/03\/piirustus.jpg?resize=600%2C400\" alt=\"\" width=\"600\" height=\"400\" srcset=\"https:\/\/i0.wp.com\/www.primaremontit.fi\/wp-content\/uploads\/2018\/03\/piirustus.jpg?w=840&amp;ssl=1 840w, https:\/\/i0.wp.com\/www.primaremontit.fi\/wp-content\/uploads\/2018\/03\/piirustus.jpg?resize=300%2C200&amp;ssl=1 300w, https:\/\/i0.wp.com\/www.primaremontit.fi\/wp-content\/uploads\/2018\/03\/piirustus.jpg?resize=768%2C512&amp;ssl=1 768w\" sizes=\"(max-width: 600px) 100vw, 600px\" data-recalc-dims=\"1\" \/>Korjausrakentaminen vuonna 2018<\/h2>\n<p>Korjausrakentaminen kehittyy jatkuvasti. Kehittyv\u00e4t rakennustavat, muuttuvat materiaalit, tiukentuvat rakentamism\u00e4\u00e4r\u00e4ykset ja n\u00e4ist\u00e4 johtuva osaamisen p\u00e4ivitt\u00e4minen erilaisin koulutusmenetelmin sek\u00e4 ty\u00f6ntilaajien\/rakennuttajien alati kasvava halu ryhty\u00e4 toteuttamaan yksil\u00f6llisi\u00e4, rohkeita ratkaisuja tekev\u00e4t alasta mielenkiintoisen.<\/p>\n<p>Korjausrakentamiseen tuo omat haasteensa se, ett\u00e4 vanhojen rakenteiden kunto, senaikaiset rakennustavat, muutost\u00f6iden laajuus, vaadittavat asiakirjat ja laajat selvitykset, kuten mahdolliset rakennusluvat rakennusluvanvaraisten t\u00f6iden osalta, ovat omiaan aiheuttamaan hankaluuksia remontin edetess\u00e4. Kuitenkin pitk\u00e4n linjan korjausrakentamisen ammattilaisena olen t\u00e4h\u00e4n p\u00e4iv\u00e4\u00e4n asti aina pystynyt reagoimaan vastaantuleviin ongelmiin, joissa p\u00e4\u00e4ttelykyky\u00e4 sek\u00e4 p\u00e4\u00e4t\u00f6ksentekokyky\u00e4 kaivataan ja valmistuneiden kohteiden lopputulos on ollut aina miellytt\u00e4v\u00e4.<\/p>\n<p>Korjausrakennuskohteen vahvalla kartoittamisella ennen korjaust\u00f6iden aloittamista saadaan tietoon vanhojen rakenteiden k\u00e4ytetyt materiaalit, kohteeseen sopivat uudet materiaalit, lvis-muutost\u00f6iden laajuus, ty\u00f6nkesto, ty\u00f6vaiheiden aikataulutus, kustannukset sek\u00e4 tarvittavien asiakirjojen hakeminen kuten mahdolliset rakennusluvat.<\/p>\n<p>Merkitt\u00e4v\u00e4 yhteisty\u00f6 kohteeseen osallistuvan rakennusalan ammattikunnan kanssa on suuressa arvossa. Is\u00e4nn\u00f6itsij\u00e4n,\u00a0 kiinteist\u00f6huollon, taloyhti\u00f6n sek\u00e4 ty\u00f6ntilaajan (ellei taloyhti\u00f6) tarve yhteisty\u00f6h\u00f6n korostuu pitkin projektia ty\u00f6n laajuudesta riippuen. V\u00e4lik\u00e4ten\u00e4 ty\u00f6ntilaajan ja hallinnon v\u00e4lill\u00e4 toimii urakoitsija aktiivisesti. Tiedon kulku on projektin kannalta v\u00e4ltt\u00e4m\u00e4t\u00f6nt\u00e4 ja p\u00e4\u00e4vastuun siit\u00e4 ottaa urakoitsija.<\/p>\n<p>T\u00e4n\u00e4 p\u00e4iv\u00e4n\u00e4 minulla on yli kymmenenvuoden rakennusalan ty\u00f6kokemuksella vahva kyky ottaa vastaan isommatkin haasteet. Tulevaisuudessa n\u00e4en itseni osana vahvojen osaajien br\u00e4ndi\u00e4 Uudenmaan alueella.<\/p>\n","protected":false},"excerpt":{"rendered":"<p>Korjausrakentaminen vuonna 2018 Korjausrakentaminen kehittyy jatkuvasti. Kehittyv\u00e4t rakennustavat, muuttuvat materiaalit, tiukentuvat rakentamism\u00e4\u00e4r\u00e4ykset ja n\u00e4ist\u00e4 johtuva osaamisen p\u00e4ivitt\u00e4minen erilaisin koulutusmenetelmin sek\u00e4 ty\u00f6ntilaajien\/rakennuttajien alati kasvava halu ryhty\u00e4 toteuttamaan yksil\u00f6llisi\u00e4, rohkeita ratkaisuja tekev\u00e4t alasta mielenkiintoisen. Korjausrakentamiseen tuo omat haasteensa se, ett\u00e4 vanhojen rakenteiden kunto, senaikaiset rakennustavat, muutost\u00f6iden laajuus, vaadittavat asiakirjat ja laajat selvitykset, kuten mahdolliset rakennusluvat rakennusluvanvaraisten t\u00f6iden [&hellip;]<\/p>\n","protected":false},"author":1,"featured_media":0,"parent":0,"menu_order":0,"comment_status":"closed","ping_status":"closed","template":"","meta":{"jetpack_post_was_ever_published":false},"jetpack_sharing_enabled":true,"jetpack_shortlink":"https:\/\/wp.me\/P9B3x1-4w","jetpack_likes_enabled":true,"jetpack-related-posts":[{"id":272,"url":"https:\/\/www.primaremontit.fi\/?page_id=272","url_meta":{"origin":280,"position":0},"title":"Korjausrakennus","author":"Uudenmaan Primaremontit","date":"March 2, 2018","format":false,"excerpt":"Korjausrakentaminen vuonna 2018 Korjausrakentaminen kehittyy jatkuvasti. Kehittyv\u00e4t rakennustavat, muuttuvat materiaalit, tiukentuvat rakentamism\u00e4\u00e4r\u00e4ykset ja n\u00e4ist\u00e4 johtuva osaamisen p\u00e4ivitt\u00e4minen erilaisin koulutusmenetelmin sek\u00e4 ty\u00f6ntilaajien\/rakennuttajien alati kasvava halu ryhty\u00e4 toteuttamaan yksil\u00f6llisi\u00e4, rohkeita ratkaisuja tekev\u00e4t alasta mielenkiintoisen. Korjausrakentamiseen tuo omat haasteensa se, ett\u00e4 vanhojen rakenteiden kunto, senaikaiset rakennustavat, muutost\u00f6iden laajuus, vaadittavat asiakirjat ja laajat selvitykset,\u2026","rel":"","context":"Similar post","block_context":{"text":"Similar post","link":""},"img":{"alt_text":"","src":"https:\/\/i0.wp.com\/www.primaremontit.fi\/wp-content\/uploads\/2018\/03\/piirustus.jpg?resize=350%2C200","width":350,"height":200,"srcset":"https:\/\/i0.wp.com\/www.primaremontit.fi\/wp-content\/uploads\/2018\/03\/piirustus.jpg?resize=350%2C200 1x, https:\/\/i0.wp.com\/www.primaremontit.fi\/wp-content\/uploads\/2018\/03\/piirustus.jpg?resize=525%2C300 1.5x, https:\/\/i0.wp.com\/www.primaremontit.fi\/wp-content\/uploads\/2018\/03\/piirustus.jpg?resize=700%2C400 2x"},"classes":[]},{"id":267,"url":"https:\/\/www.primaremontit.fi\/?page_id=267","url_meta":{"origin":280,"position":1},"title":"Kylpyhuoneremontti","author":"Uudenmaan Primaremontit","date":"March 2, 2018","format":false,"excerpt":"Kylpyhuoneremontti edess\u00e4? Pitk\u00e4n linjan m\u00e4rk\u00e4tilojen rakentajana kannan vastuuni jokaisesta kohteestani ja p\u00e4\u00e4m\u00e4\u00e4r\u00e4ni on loppuun asti hyvin toteutettu projekti. Laadukkaasti ja kest\u00e4v\u00e4sti rakennettu kohde huomioiden rakennusm\u00e4\u00e4r\u00e4ykset ovat t\u00e4rkeimpi\u00e4 arvojani ja asiakastyytyv\u00e4isyys onkin ollut korkeaa. Kun haluat kylpyhuoneremontillesi tarkkaa ty\u00f6t\u00e4 tekev\u00e4n, voit luottaa minuun. Rohkeat materiaalivalinnat ja haasteelliset laatoitukset, kuten erilaiset rakennetut\u2026","rel":"","context":"Similar post","block_context":{"text":"Similar post","link":""},"img":{"alt_text":"","src":"https:\/\/i0.wp.com\/www.primaremontit.fi\/wp-content\/uploads\/2018\/03\/pexels-photo-534116.jpeg?resize=350%2C200","width":350,"height":200,"srcset":"https:\/\/i0.wp.com\/www.primaremontit.fi\/wp-content\/uploads\/2018\/03\/pexels-photo-534116.jpeg?resize=350%2C200 1x, https:\/\/i0.wp.com\/www.primaremontit.fi\/wp-content\/uploads\/2018\/03\/pexels-photo-534116.jpeg?resize=525%2C300 1.5x, https:\/\/i0.wp.com\/www.primaremontit.fi\/wp-content\/uploads\/2018\/03\/pexels-photo-534116.jpeg?resize=700%2C400 2x, https:\/\/i0.wp.com\/www.primaremontit.fi\/wp-content\/uploads\/2018\/03\/pexels-photo-534116.jpeg?resize=1050%2C600 3x, https:\/\/i0.wp.com\/www.primaremontit.fi\/wp-content\/uploads\/2018\/03\/pexels-photo-534116.jpeg?resize=1400%2C800 4x"},"classes":[]},{"id":266,"url":"https:\/\/www.primaremontit.fi\/?page_id=266","url_meta":{"origin":280,"position":2},"title":"Keitti\u00f6remontti","author":"Uudenmaan Primaremontit","date":"March 2, 2018","format":false,"excerpt":"Onko suunnitelmissasi tilata keitti\u00f6remontillesi tekij\u00e4? Hienoa, kun p\u00e4\u00e4dyit sivuilleni. Keitti\u00f6remontti jos jokin vaatii kyky\u00e4 tehd\u00e4 millintarkkaa ty\u00f6t\u00e4. Lopputulokseen vaikuttaa monikin asia, joten riitt\u00e4v\u00e4t suunnitelmat\u00a0 onkin kaiken a ja o. Alkukartoituksessa voimme yhdess\u00e4 mietti\u00e4 muutamia asioita, kuten aikataulutus,\u00a0toteutustapa, kustannusarvio ja tarvittavat selvitykset. T\u00e4m\u00e4n lis\u00e4ksi keitti\u00f6remontissa erityisesti korostuu asiantuntevan keitti\u00f6suunnittelijan kanssa vietetyt\u2026","rel":"","context":"Similar post","block_context":{"text":"Similar post","link":""},"img":{"alt_text":"","src":"https:\/\/i0.wp.com\/www.primaremontit.fi\/wp-content\/uploads\/2018\/03\/pexels-photo-273822.jpeg?resize=350%2C200","width":350,"height":200,"srcset":"https:\/\/i0.wp.com\/www.primaremontit.fi\/wp-content\/uploads\/2018\/03\/pexels-photo-273822.jpeg?resize=350%2C200 1x, https:\/\/i0.wp.com\/www.primaremontit.fi\/wp-content\/uploads\/2018\/03\/pexels-photo-273822.jpeg?resize=525%2C300 1.5x, https:\/\/i0.wp.com\/www.primaremontit.fi\/wp-content\/uploads\/2018\/03\/pexels-photo-273822.jpeg?resize=700%2C400 2x"},"classes":[]},{"id":268,"url":"https:\/\/www.primaremontit.fi\/?page_id=268","url_meta":{"origin":280,"position":3},"title":"Pintaremontti","author":"Uudenmaan Primaremontit","date":"March 2, 2018","format":false,"excerpt":"Kaipaako kotisi ehostusta? Ehk\u00e4p\u00e4 haluaisit asunnostasi valoisamman tai laittaa sen vuokralle? Ehk\u00e4p\u00e4 n\u00e4it sisustuslehdess\u00e4 jotain hienoa, mik\u00e4 s\u00e4v\u00e4ytti ja n\u00e4ytti omalta. Mink\u00e4laiseen ratkaisuun p\u00e4\u00e4dytkin, niin voimme my\u00f6s yhdess\u00e4 mietti\u00e4 ratkaisuja. Yli Kymmenenvuoden sis\u00e4rakennust\u00f6iden ammattilaisena minulla on paljon n\u00e4kemyksi\u00e4, joita toki mielell\u00e4ni tuon sinunkin tietoosi projektissa.\u00a0Alkukartoituksessa voimme yhdess\u00e4 mietti\u00e4 muutamia asioita,\u2026","rel":"","context":"Similar post","block_context":{"text":"Similar post","link":""},"img":{"alt_text":"","src":"https:\/\/i0.wp.com\/www.primaremontit.fi\/wp-content\/uploads\/2018\/03\/blogikuva-4.jpg?resize=350%2C200","width":350,"height":200,"srcset":"https:\/\/i0.wp.com\/www.primaremontit.fi\/wp-content\/uploads\/2018\/03\/blogikuva-4.jpg?resize=350%2C200 1x, https:\/\/i0.wp.com\/www.primaremontit.fi\/wp-content\/uploads\/2018\/03\/blogikuva-4.jpg?resize=525%2C300 1.5x, https:\/\/i0.wp.com\/www.primaremontit.fi\/wp-content\/uploads\/2018\/03\/blogikuva-4.jpg?resize=700%2C400 2x"},"classes":[]}],"_links":{"self":[{"href":"https:\/\/www.primaremontit.fi\/index.php?rest_route=\/wp\/v2\/pages\/280"}],"collection":[{"href":"https:\/\/www.primaremontit.fi\/index.php?rest_route=\/wp\/v2\/pages"}],"about":[{"href":"https:\/\/www.primaremontit.fi\/index.php?rest_route=\/wp\/v2\/types\/page"}],"author":[{"embeddable":true,"href":"https:\/\/www.primaremontit.fi\/index.php?rest_route=\/wp\/v2\/users\/1"}],"replies":[{"embeddable":true,"href":"https:\/\/www.primaremontit.fi\/index.php?rest_route=%2Fwp%2Fv2%2Fcomments&post=280"}],"version-history":[{"count":4,"href":"https:\/\/www.primaremontit.fi\/index.php?rest_route=\/wp\/v2\/pages\/280\/revisions"}],"predecessor-version":[{"id":334,"href":"https:\/\/www.primaremontit.fi\/index.php?rest_route=\/wp\/v2\/pages\/280\/revisions\/334"}],"wp:attachment":[{"href":"https:\/\/www.primaremontit.fi\/index.php?rest_route=%2Fwp%2Fv2%2Fmedia&parent=280"}],"curies":[{"name":"wp","href":"https:\/\/api.w.org\/{rel}","templated":true}]}}